est common divisor of a and g?
19
Let h = 13 - -32. Let w = 56 - h. Suppose -w*x + 15*x = 160. What is the highest common divisor of 280 and x?
40
Suppose 3*p = -5*j + 2*p + 19, -p - 21 = -5*j. Suppose -n - 6 = -1, 29 = -m + j*n. Let i = m + 125. Calculate the greatest common factor of 190 and i.
38
Let h(m) be the first derivative of 7*m + 31/3*m**3 - 3*m**2 - 14. Let j be h(2). Calculate the greatest common divisor of j and 17.
17
Let r(l) = l**2 + 80*l - 857. Let i be r(-91). What is the greatest common factor of 1512 and i?
72
Let w(f) = -60*f + 6290. Let v be w(84). Calculate the greatest common divisor of 90 and v.
10
Let d = -153 - -156. Suppose 0 = 4*z + 24 - 8, -5*b - z = -101. What is the highest common factor of d and b?
3
Suppose 18 = 3*o + 18*c - 14*c, 0 = 3*o - 5*c + 9. Let v(w) = 14*w**3 + 3*w**2 + w. Let j be v(o). Calculate the highest common factor of 42 and j.
42
Let o = 77 + -64. Suppose 4 = o*d - 9. Let v(m) = -m + 22. Let s be v(9). Calculate the highest common divisor of d and s.
1
Suppose -10*y - 26 = -23*y. Suppose 194 = y*v + 26. What is the highest common divisor of 154 and v?
14
Let b = -4605 - -4885. Suppose q + 4 = 0, 0*p + 3*q = -3*p + 348. Calculate the greatest common divisor of b and p.
40
Let k = 10069 + -10027. What is the greatest common factor of 90 and k?
6
Suppose 3*n = 2*b - 31, -b + 1268*n = 1265*n - 11. Calculate the highest common divisor of 3460 and b.
20
Suppose -2*b + o + 462 = 0, 39 = 4*o + 47. What is the greatest common factor of b and 34270?
230
Let s = -86 + 89. Suppose -3*o = -3*w - 300, 6*o - 10*o + 405 = -s*w. Let c = 108 + -38. Calculate the greatest common divisor of c and o.
35
Suppose 721 + 425 = 9*t + 336. Calculate the greatest common divisor of t and 120.
30
Let f be 2/(4/2) - 0. Let n be f + 155 - (7 + -5). Let x be (-8*(-7)/70)/((-2)/(-35)). What is the greatest common factor of x and n?
14
Suppose -8*y = 76649 - 76753. Calculate the highest common factor of y and 13819.
13
Let w be ((-2)/(-4))/(4/144). Let h(x) = 5*x + 82. Suppose -143 = 12*j + j. Let f be h(j). What is the highest common factor of f and w?
9
Let i = -101 + 69. Let v = 0 - i. Suppose 8 - v = -3*a. What is the greatest common factor of a and 40?
8
Let d(w) = 145*w + 8166. Let h be d(-40). What is the greatest common factor of 2002 and h?
182
Let t = 13973 + -13856. What is the highest common divisor of t and 52?
13
Suppose 30173 = 279*i - 18373. Calculate the highest common divisor of 7395 and i.
87
Suppose 0 = -27*r - 1672 + 8179. Let b = r + -235. What is the highest common factor of 8 and b?
2
Suppose -18*c - 8 = -260. Suppose 7*t - 8*t + 406 = 0. Calculate the highest common divisor of c and t.
14
Let d be 2/6*-2 + (-34286)/(-237). Calculate the greatest common divisor of d and 378.
18
Let f(a) = a**3 - 14*a**2 - 15*a + 9. Let w be f(15). Suppose w = k - 1. Suppose -15*u + 270 = -k*u. Calculate the greatest common divisor of 135 and u.
27
Let p = 60 - -35. Let m = p - 57. Let c(n) = -63*n + 1. Let o be c(-3). Calculate the highest common divisor of m and o.
38
Let p(m) be the second derivative of -m**4/12 + 17*m**3/6 + 5*m**2/2 + 2*m + 2. Let z be p(9). Let b = 21 + -14. What is the highest common factor of b and z?
7
Let p = 31 - -9. Let d(s) = 10*s**2 - 1052*s + 2104. Let j be d(2). Calculate the greatest common factor of j and p.
40
Let p be (-45*8/(-288))/((-73)/(-72) - 1). What is the greatest common divisor of 63 and p?
9
Let o(b) = -b**3 - 5*b**2 + 41*b - 4. Let g be o(4). What is the highest common divisor of g and 5176?
8
Let y(w) = -2*w**3 - 6*w**2 + 2*w - 18. Let i be y(-5). Let n(k) = k**2 + 10*k + 8. Let a be n(-10). Calculate the highest common divisor of i and a.
8
Suppose 0 = -4*f - 2*y + 7*y - 7, -2*f - 2*y = 8. Let l be (2 + f)/((-3)/(-1698)*-2). Suppose 9*x - 104 = l. Calculate the greatest common factor of x and 258.
43
Let t(a) = 79*a - 866. Let r be t(11). Calculate the greatest common factor of 1821 and r.
3
Suppose 39*v + 14110 = -8744. Let x = -209 - v. Calculate the highest common divisor of 29 and x.
29
Suppose 4*h = z + 4931, -z = 24*h - 25*h + 1235. Calculate the greatest common divisor of 1309 and h.
77
Let v(d) = 4*d - 15*d + 2 + 2*d**2 - 4 - 5. Let h be v(9). Suppose -2*f = 4*n + 3 - 15, 4*n = f - 12. Calculate the highest common divisor of f and h.
8
Suppose 24*p - 3382 = 8810. Let d = 736 - p. Calculate the greatest common divisor of d and 24.
12
Let q be 1 - 9 - (-337 + -28). Calculate the highest common factor of q and 168.
21
Let f be 3 + (-33712)/(-60) + (-15)/(3825/(-34)). Calculate the highest common factor of f and 1.
1
Suppose -68718 = -7*f - 30*f + 30442. What is the greatest common divisor of 30 and f?
10
Suppose -27*u + 25046 - 12030 = -14956. What is the highest common factor of u and 2368?
148
Let t be (-20)/3 - 1566973/(-5595) - 4/10. Let r = 10 - -11. Calculate the greatest common factor of r and t.
21
Suppose -4*z + 28 + 512 = 0. Suppose 0 = 3*g - 4*y - 102, -5*g = 3*y + 2*y - z. What is the greatest common factor of 40 and g?
10
Let b(n) be the first derivative of -1/4*n**4 - 23/3*n**3 + 49/2*n**2 + 23 - 5*n. Let g be b(-25). Calculate the greatest common factor of g and 12.
4
Let n be 0/2 + (15 - 13). Let o be 138/(-2)*n/(-6). Let l(w) = 28*w - 83. Let a be l(12). What is the greatest common divisor of a and o?
23
Let i be (-5 - (-2 - 0))*-9. Let a = -53725 + 53968. What is the highest common factor of a and i?
27
Let t(q) be the second derivative of q**5/20 - 9*q**4/4 + 23*q**3/6 + 44*q**2 + 113*q. Let h be t(26). What is the highest common factor of h and 40?
10
Let m(y) be the second derivative of -y**3/3 - 7*y**2 - 115*y. Let h be m(-28). Calculate the greatest common divisor of h and 36.
6
Let w(c) = -c**3 + 7*c**2 + 28*c + 56. Let t be w(-6). What is the greatest common factor of t and 9078?
178
Suppose -18440 + 21832 = 53*c. Calculate the greatest common divisor of c and 382.
2
Let q be (340/(-680))/((-2)/(22*-6)). Let r = q - -99. What is the greatest common factor of r and 198?
66
Suppose 0 = -b + 4*i + 97, 4*i = 4*b - 110 - 266. Let q = -96 - -33. Let h = q + b. What is the greatest common divisor of h and 10?
10
Let j be (-2 + -7)*1/((-18)/4). Suppose -52 = j*n - 70. What is the highest common factor of n and 3?
3
Let a(b) = 14*b + 159. Let s be a(62). What is the greatest common factor of 13 and s?
13
Suppose -4*a = -5*d + 248, d - 4*d + 5*a = -154. Let q = -61 + 25. Let c = 60 + q. What is the highest common factor of d and c?
24
Let v(l) = -52*l - 3. Let i be v(-3). Let d be -34 + -6*2607/(-198). Calculate the greatest common divisor of i and d.
9
Let g(b) be the second derivative of -b**4 - 13*b**3/3 - 3*b**2 + 29*b. Let k be g(-4). Let v = k + 96. What is the highest common divisor of v and 6?
2
Let a = 25 - 20. Let o(d) = d**3 - 10*d**2 + 16. Let l be o(10). Suppose -22*q = -l*q - 90. Calculate the highest common factor of a and q.
5
Suppose -70*m + 94977 = -409093. Calculate the greatest common factor of 38 and m.
19
Let j(p) = -p**2 - 7*p. Let r be j(-5). Let a(i) = -8*i + 554. Let k be a(60). Suppose -785 - 1805 = -k*o. Calculate the highest common factor of o and r.
5
Let r(b) = -b**2 + 44*b + 20. Let f be r(10). Let g(u) = -u**3 + 18*u**2 + 7*u + 18. Let o be g(18). What is the highest common factor of o and f?
72
Suppose 14366*y + 27170 = 14385*y. Calculate the highest common divisor of y and 1690.
130
Let d be 5/((-200)/(-15)) - 465/(-40). What is the highest common factor of d and 3084?
12
Let r(c) = -c**3 + 42*c**2 - 43*c + 158. Let y be r(41). What is the highest common factor of 361 and y?
19
Suppose 0 = 4*i - 20772 + 2880. What is the highest common divisor of 63 and i?
63
Let q be (40/6)/(15/45). Let r be q/6*-10*12/(-50). Suppose -2*i = -i - 4*h - r, -2*h - 24 = -3*i. What is the greatest common factor of i and 28?
4
Suppose -5*z = -2*y - 1621, -228*y - 1960 = -6*z - 233*y. Calculate the greatest common divisor of z and 850.
25
Let t be -18*(6 - (-143)/(-22)). Let y(k) = 5*k - 3. Let p be y(6). What is the highest common factor of p and t?
9
Let z(h) = -5*h + 14. Let v be z(-2). Let d be (33/(-15) - -1)*(-40)/v. What is the highest common divisor of d and 7?
1
Let a(f) = 3*f + 12 - 16*f + 30*f. Let r be a(8). Let k be (-9)/